/20 - 2*t**4/3 - t**3/6 + 2*t**2 - 67*t. Calculate h(8).
-4
Let f(v) = -82 + 17 - 4*v + 22 + 27 + 23. Determine f(5).
-13
Let t(l) = -5*l - 7. Suppose 7 = 782*d - 783*d. Calculate t(d).
28
Let k(f) = -f**2 - 14*f - 13. Let y(p) = 4*p**2 + 43*p + 34. Let g(x) = 7*k(x) + 2*y(x). What is g(13)?
-10
Let k(f) = -20*f**2 + 55*f**2 - 36*f**2 - 3*f + 2*f - f + 9. Give k(6).
-39
Let s(x) = x**2 - x - 6. Let h(u) = -15*u + 45. Let d be h(3). Determine s(d).
-6
Suppose -7*q = -2*q + 15. Let f(t) be the third derivative of t**4/12 - t**3/6 + 55*t**2. Determine f(q).
-7
Let g(j) = -j**3 - 13*j**2 - j + 1. Let y(z) = 16*z + 83. Let d be y(-6). Calculate g(d).
14
Let m(b) = 4*b + 2. Suppose 3*s - 12 + 0 = 0. Suppose 3*l = -0*l + 12, 5*p = s*l - 26. What is m(p)?
-6
Suppose r - 3*r + 21 = -5*a, -r + a = -6. Let t(x) = x**2. Let o be 4*(-3 + 4) + -3. Let m(u) = -2*u**2 - 4*u + 1. Let z(j) = o*m(j) + 3*t(j). Calculate z(r).
-2
Let c = 21 - 14. Let g(h) = 6*h**2 - 9*h + 15. Let b = 15 - 14. Let v(p) = -p**2 - 1. Let j(i) = b*g(i) + 5*v(i). Calculate j(c).
-4
Suppose 0*d + 4*f + 4 = -2*d, -3*d - 5*f - 4 = 0. Let n = -295 - -297. Let q(l) = 4 + 0 - n - l**3 - 4*l + 3 + 4*l**d. Give q(4).
-11
Let z be 3/(-2 + (-9)/(-6)). Let p(m) = m**3 + 5*m**2 - 7*m - 12. Let k be p(z). Let i(d) = 2*d + 2. Calculate i(k).
-10
Suppose b - 4*j - 11 - 1 = 0, 2*b + 2*j = -16. Let k(a) = -2*a - 6. Let m be k(b). Let c(g) = 2 + 2*g**m - 3 + 2. Determine c(1).
3
Suppose -3*f - 16 = 4*i - f, -2*f = -4. Let h(g) = -g**3 - 6*g**2 - 7*g + 1. Let b(v) = -v - 1. Let k = -23 - -26. Let s(t) = k*b(t) - h(t). What is s(i)?
1
Let t(g) = g**3 + 9*g**2 + 6*g - 10. Let k(q) = 8*q - 16. Let y be k(1). What is t(y)?
6
Let p(d) = 5*d - 26. Let g(w) = 56*w - 288. Let z(i) = -6*g(i) + 68*p(i). Calculate z(10).
0
Let n(i) be the third derivative of -i**7/360 - i**6/360 + i**5/120 - i**4/12 - 20*i**2. Let m(c) be the second derivative of n(c). Determine m(1).
-8
Let x(d) = -7*d + 1. Let p be (-5 + 5 - 0) + -5. Let b(k) = 5*k + 26. Let g be b(p). Determine x(g).
-6
Let s = 124441/120 - 1037. Let f(c) be the third derivative of 0 + 7/6*c**3 - 7/24*c**4 - 4*c**2 + 0*c + s*c**6 + 7/60*c**5. Give f(-8).
-1
Let h(o) = -1 - 79*o - 74*o + 149*o. Let q = -5 - -6. Let z(n) = -1. Let v(p) = q*h(p) + 2*z(p). Determine v(-3).
9
Suppose -9 - 11 = 4*s. Suppose -8*a + 4*a = -20. Let j(f) = a - f - 8 + 2*f. Determine j(s).
-8
Let b(f) be the third derivative of f**9/60480 + f**8/10080 - f**7/1260 - 8*f**5/15 - 14*f**2. Let x(o) be the third derivative of b(o). Calculate x(-3).
3
Let o = 9 - 6. Let l(y) = -8*y**2 - 11 + 7*y**2 + 4*y**o - 3*y**3. Suppose -z = z. Give l(z).
-11
Let h(d) = d**2 - 5*d + 5. Suppose -u - 4*c = -2*c + 6, -3*c + 82 = -5*u. Let w = 20 + u. Suppose 2*o + 1 = -3*t - w, 0 = 4*t + 20. What is h(o)?
1
Let c = 65 - 63. Let x(o) = -8*o - 2*o**2 + o**c - 2 - 3. Calculate x(-5).
10
Let x(s) = -s + 0*s - 18 + 1. Let q be (-310)/35 + 27/(-189). Determine x(q).
-8
Let t(a) = -2*a**3 + 4*a**2 + 4*a - 5. Let h(k) = -3*k**3 + 6*k**2 + 5*k - 7. Let s(m) = 5*h(m) - 7*t(m). What is s(0)?
0
Suppose -18*t + 714 = 660. Let y(q) = -5*q - 2. What is y(t)?
-17
Let d(h) = 3*h + 10. Suppose 19 = -5*c + 44. Let j(z) = -4*z - 10. Let x(i) = c*d(i) + 4*j(i). Give x(7).
3
Let y(g) = 19 - 6 - 3*g - g**2 - 12. Calculate y(-6).
-17
Let n be (-6)/(-4) + (4 - (-28)/(-8)). Let a(o) = 9*o**3 - 7*o**3 - 3*o**3 - 3*o - n*o**2. Give a(-2).
6
Let a(v) = v + 7. Let h(b) = -30*b + 4. Let g be h(0). What is a(g)?
11
Let u(t) be the first derivative of 17 + 3*t**2 + 3*t - 1/3*t**3. Give u(7).
-4
Let g(d) be the third derivative of -d**4/8 + d**3/2 + d**2. Let f(v) = -v**3 + 6*v - 2 + 3 - 2 - 5*v**2 + 3. Let q be f(-6). Calculate g(q).
-3
Suppose 3*j - 27 = v - 22, -5*v = 2*j - 9. Let g(m) be the first derivative of -4*m + 7/2*m**j - 7 - 1/3*m**3. Determine g(3).
8
Let d be 32/48 + 32/6. Suppose -d*l = -5*l - 2. Suppose 3*u + w = -3*w - 27, -5*u - 19 = -l*w. Let r(p) = p**2 + 6*p + 5. Calculate r(u).
0
Let w(c) be the third derivative of c**7/5040 + 7*c**6/720 + 3*c**5/20 - 7*c**2. Let n(k) be the third derivative of w(k). Let y = 11 - 16. Give n(y).
2
Suppose 3*s = -2*s + 30. Let v(m) = -3*m - 800*m**3 + 799*m**3 + 7*m**2 - 3 - 2*m. Determine v(s).
3
Let t(p) = -p - 1. Let k be t(3). Let y(r) be the first derivative of r**4/4 + 4*r**3/3 - r**2/2 - 2*r + 2809. Calculate y(k).
2
Let h(l) be the third derivative of l**5/60 - 5*l**4/24 + 2*l**2. Let u be (368/(-64))/((-1)/(-4)). Let b = -17 - u. Determine h(b).
6
Let v(i) be the second derivative of -i**5/10 + i**4/12 + i**3/3 + i**2/2 + 27*i + 1. Give v(2).
-7
Let m(u) = 5*u**2 + 0*u**2 - 267*u - 9*u**2 + 3*u**2 + 272*u - 1. Give m(5).
-1
Let l(p) = -14*p + 127. Let t be l(7). Suppose -5*q - z = z + t, -4*q - 19 = 3*z. Let d(j) = 3*j + 4*j - 4*j + 6. What is d(q)?
-15
Let l(t) = 58*t - 5. Let o(x) = -49*x + 4. Let w(b) = -5*l(b) - 6*o(b). Let u be 0 + (0 + 2 - 1). Give w(u).
5
Let j(g) be the second derivative of -g**3/6 + 3*g**2 + 3*g + 2. Calculate j(12).
-6
Let b(t) = -t - 4. Suppose -2*u + 4*j + 42 = 0, 2*u - 3*j + 7 = 46. Calculate b(u).
-19
Let y(m) be the second derivative of m**5/20 - m**4/2 + 5*m**3/6 - 2*m**2 - 70*m. Let b(n) = -n**2 + 4*n + 5. Let f be b(4). Calculate y(f).
-4
Let u(d) be the first derivative of d**3/3 - 7*d**2/2 + 4*d - 7. Let l be u(6). Let o(v) = v + 0 - 2 + 3*v. What is o(l)?
-10
Let j(y) = -2*y - 3. Let m be (14/4)/(-1) + (-3)/(-2). Let s be m - -4*(-9)/12. What is j(s)?
7
Let m(h) = 3*h + 2. Let t(u) = 2*u + 1. Let i(j) = -3*m(j) + 4*t(j). Let b(k) = k**2 + 7*k - 1. Let p be b(-6). Calculate i(p).
5
Let o(v) = 5*v + 50. Let w(x) = -3*x - 26. Let f(s) = 6*o(s) + 11*w(s). Give f(6).
-4
Let k(z) = 519*z**3 + 11*z**2 - 14*z - 12 + 512*z**3 - 1030*z**3. Calculate k(-12).
12
Let o(i) be the third derivative of i**5/60 + 5*i**4/12 + 9*i**3/2 - 21*i**2 + 6. Give o(-6).
3
Let f be (0*(-3)/(-6))/(-2). Suppose s - 13 + 1 = f. Suppose -2*r - s = -0*r. Let m(p) = p**3 + 5*p**2 - 5*p + 1. Give m(r).
-5
Suppose -3*w - 3*x = -75, 44 + 61 = 4*w - x. Let s(l) = 9*l + 22 - l**2 - w - 4*l. Give s(4).
0
Let z(b) = -4 + 2*b + 3*b**2 + 5 + 0 + 0*b. Let x(l) = 10*l**2 + 6*l + 3. Let w(q) = -2*x(q) + 7*z(q). Determine w(-2).
1
Let r be ((-66)/4)/((-12)/(-16)). Let h be (6/(-4))/(11/r). Let c(n) = 3*n**2 - 3*n**2 + n**2 - 5*n + 4. Calculate c(h).
-2
Suppose 2*f + 6 = 3*o, -2*o = -5*f - o + 11. Let s(b) = 1 + 2*b**3 - f*b**2 - 2*b**2 - b**3. Let v = -27 + 32. What is s(v)?
1
Let p(r) = -2*r + 1. Let j(b) = 9*b + 10. Let m(i) = -j(i) - 5*p(i). Give m(19).
4
Let d(o) = -2*o + 131 + 98 - 436 + 127 + 115. Give d(17).
1
Let r(w) be the first derivative of -1/3*w**3 - 46 - 6*w - 9/2*w**2. Determine r(-6).
12
Let l(n) = 0*n + 7 - 8 + 8*n**2 + 0*n. Let j(x) = 2*x - 9. Let m be j(4). Give l(m).
7
Let s be (6/7)/(180/420). Let v(y) = -4*y**3 - 2*y**2 + 1. Calculate v(s).
-39
Suppose -3*z + 2*o - 80 = 0, -3*z - o - 44 = -z. Let m = z - -29. Let j(w) be the first derivative of w**2/2 - 4*w + 1. Give j(m).
1
Let a(w) = 1. Let s(d) = -d**2 + 5*d - 11. Let t(f) = 4*a(f) + s(f). Suppose 90 = 3*u + 2*u. Let g = u - 13. Determine t(g).
-7
Suppose m = 2*q + q + 4, -q = -3*m + 4. Let l(i) = 19*i - m - 10*i - 3*i. What is l(-2)?
-13
Let g be (-10)/45 - 20/(-9). Let k(r) = -2*r + r + 1 + 2*r + g. Calculate k(-10).
-7
Suppose 3*x + 7 = 4*x + b, -3*b + 6 = 0. Let i be -2*2/(-4) - -3. Let p(m) = -i + m - 7*m + m + 6*m. Determine p(x).
1
Let d(p) = p + 2. Let x be ((-4)/20*-3)/(7/(-35)). What is d(x)?
-1
Suppose -6*q - 10671 + 10695 = 0. Let f = 1 - 1. Let h(j) = f - 4*j + j**2 + 0*j**2 + 2. Give h(q).
2
Let t(o) = -5*o**3 + o**2 + 13*o + 9. Let z(g) = -g + 6. Let m be z(-1). Let u(d) = 3*d**3 - 7*d - 5. Let r(v) = m*u(v) + 4*t(v). Calculate r(-3).
1
Let p(o) be the first derivative of -o**4/4 - 4*o**3/3 - 3*o**2/2 + 503. Suppose 2*u = -5 + 1. Calculate p(u).
-2
Let v = 5 + -4. Let g be 4*(v - 2) + 1. Let s(a) = 2*a**2 - 2*a + 3. Let k(u) = u**2 - u + 1. Let m(z) = g*k(z) + s(z). Determine m(0).
0
Let m = 479 + -474. Let d(h) = -5*h**2 - 15*h - 2. Let g(u) = 3*u**2 + 10*u + 1. Let s(y) = -5*d(y) - 8*g(y). What is s(m)?
2
Let s(n) = 2*n + 11. Let o(h) = -3*h - 10. Let u(m) = -4*o(m) - 5*s(m). Let b be u(8). Let